alculate the greatest common divisor of g and o.
11
Suppose 0 = g - 27 + 8. Suppose -29 + 181 = r. What is the greatest common divisor of g and r?
19
Suppose 0 = 4*u - 37 - 3. Calculate the highest common divisor of 60 and u.
10
Let b = 0 + 2. Let w(v) = -2*v**b + 9*v + 2*v**2 + 9 + 0*v**2 + v**2. Let m be w(-8). Calculate the highest common factor of m and 5.
1
Let m(k) = k**3 - k**2 + k. Let h(u) = -14*u**3 - u**2 + u - 2. Let j(z) = -h(z) - m(z). Let l be j(2). What is the greatest common factor of 10 and l?
10
Let p = -9 - 3. Let z be 0 - (p - (-2 - -4)). Calculate the greatest common factor of 2 and z.
2
Let k = 8 - -28. Suppose 0 = u - 3*g + 7, -4*u - 2*g + k = 2*g. Let q = u - 3. Calculate the highest common factor of q and 14.
2
Suppose r + 5*t = -3*r + 102, -6 = 3*t. What is the highest common divisor of 12 and r?
4
Let s be 6/(-4)*2/3. Let g = 3 + s. Suppose 0 = -2*a + t + g*t + 18, 18 = 2*a + 5*t. What is the greatest common divisor of 27 and a?
9
Suppose -4*s + 28 = -8. Calculate the greatest common factor of s and 99.
9
Suppose 4*l - 1 = -c + 3, c = 3*l - 3. Suppose -y = -c*y - 9. Calculate the greatest common divisor of 81 and y.
9
Let x(y) = -y**3 - 12*y**2 - 23*y - 14. Let f be x(-10). What is the highest common divisor of f and 2?
2
Let j(x) = x**2 + 4*x + 10. Let q be j(-5). Calculate the greatest common divisor of q and 135.
15
Suppose -2*f - 5*i + 600 = -i, -321 = -f + 5*i. Calculate the greatest common divisor of f and 34.
34
Let d(o) = 5*o**2 - 4*o + 2. Suppose -14 = -2*v + 5*h, 6 + 2 = 3*v - h. Let t be d(v). Calculate the highest common factor of 140 and t.
14
Let h(g) = 9*g**2 + 8*g - 7. Let b be h(4). What is the greatest common factor of b and 13?
13
Let h(n) = -2*n + 35. Let f be h(14). What is the highest common factor of f and 63?
7
Let f(d) = -14*d - 13. Let q be f(-2). What is the highest common divisor of q and 135?
15
Suppose -2*s + 14 = -0*s. Let x(j) = -j**3 + 9*j**2 - 3*j + 9. Let v be x(8). Calculate the highest common divisor of v and s.
7
Let v(t) = 2*t. Let z be v(-4). Let g be 8*(-2 - 20/z). Calculate the highest common factor of g and 2.
2
Suppose 0 = m - 3 - 0. Let i be (-1)/(-1)*-1 + 5. Suppose i*l = 5*w + 36, 5*w - 8 - 37 = -5*l. What is the greatest common factor of l and m?
3
Let n be (-4 - (-4 + -52)) + 3. Suppose n = 4*r - 73. What is the highest common divisor of r and 8?
8
Let c(s) = 2*s - 7. Suppose -4*q + 34 - 10 = 0. Let o be c(q). Suppose 65 = -3*l + 4*u + 317, -o*l - 2*u = -446. Calculate the highest common factor of 8 and l.
8
Let d = 203 - 153. Suppose i + 65 = 5*g - 4*i, -4*g - 5*i + 25 = 0. What is the greatest common factor of g and d?
10
Let k be -198*3*8/(-36). What is the greatest common divisor of k and 12?
12
Let r(f) = f**2 - 6*f + 7. Let y = -8 - -13. Let p be r(y). Suppose -p*m = -6*m + 240. What is the highest common factor of 12 and m?
12
Let g(i) = 5*i**2 + 3*i - 7. Let t be g(5). Let s = t - -43. Calculate the highest common factor of 16 and s.
16
Suppose -h + 6 = -4. What is the highest common factor of h and 10?
10
Let r = -10 + 52. Calculate the greatest common factor of r and 105.
21
Let k be (12 - 62)*(1 - 2). What is the highest common divisor of 10 and k?
10
Let g = -14 + 19. Suppose -r + 321 = 5*f, -g*f - 2*r + 122 = -3*f. Suppose 7*h - 52 = 3*h. Calculate the greatest common factor of f and h.
13
Suppose -b - 128 = -3*m, 5*m + 859 = -5*b + 179. Let p = -64 - b. Calculate the highest common divisor of 28 and p.
14
Suppose 4*z + 25 = 3*j, -j + 1 + 22 = -5*z. Calculate the highest common divisor of 9 and j.
3
Suppose 3*t = 5*g + 34, -t - 4 = 3*g - 6. Let k be (-97)/((-1)/(-2)*-2). Let h = k + -17. What is the greatest common divisor of h and t?
8
Suppose -2*i - 4*d - 7 = -i, 3*d = 2*i - 41. Let s = -164 + 268. What is the highest common factor of i and s?
13
Suppose 64 = c - 3*c. Let k = 67 + c. What is the greatest common factor of k and 5?
5
Suppose -7 - 3 = -5*j. Suppose -g = -j*g. Suppose n = -y - 4*y + 381, 4*y + 5*n - 288 = g. Calculate the highest common divisor of 7 and y.
7
Suppose 2*q - 5*q = -15. Let n be 6/(-4)*-26 - -1. Suppose -q*l + 30 + n = 0. Calculate the highest common factor of l and 2.
2
Let p = 10 + -12. Let a(o) = -o**2 - 7*o**3 + 2 - 3 + 3*o**2. Let u be a(p). Calculate the greatest common factor of u and 7.
7
Let t = -64 + 28. Let u be (3 - 5)*t/8. Calculate the greatest common factor of u and 81.
9
Let v(r) be the third derivative of r**6/120 - r**5/60 - r**4/24 + r**3/2 - 2*r**2. Let x be v(0). What is the highest common factor of x and 3?
3
Let m(u) = 2*u**2 + u - 1. Let t be m(-1). Suppose -r + 3*r - 18 = t. What is the greatest common divisor of r and 36?
9
Let r = 1 - -4. Let b(x) = x**3 - 2*x**2 - x + 4. Let f be b(4). Suppose -f = -k - r*u, -2*u = 5*k + 2*u - 55. What is the greatest common divisor of k and 7?
7
Let p = 26 + -10. Let u = -1 + p. Let o be 0 + (0 - 0) + u. Calculate the highest common divisor of 15 and o.
15
Let z be (6 - 1) + -6 + 3. Suppose -p + 1 = -z*p. Let s be p - 1 - (2 - 17). What is the highest common factor of s and 13?
13
Let k be (-1)/(3*(-4)/(-72)*-3). Calculate the greatest common factor of 16 and k.
2
Let r be (144/(-27))/(1/(-15)). Let j(p) = 15*p + 2. Let z be 3/(-2)*8/(-6). Let i be j(z). Calculate the greatest common factor of r and i.
16
Suppose 0 = -4*v - 3*r + 200, 3*v - 5*r - 150 = -2*r. Suppose -4*t = -23 - 17. Calculate the greatest common divisor of v and t.
10
Suppose -2*c - 5*n + 41 = 0, 4*c + n + 3*n - 52 = 0. Let b = -6 + -6. Let j = b + 14. What is the highest common divisor of j and c?
2
Let c be (-16 + 4)/((-3)/2). Suppose -41 = -5*k + f, k + 0*k + f = 7. What is the greatest common factor of k and c?
8
Suppose -5*k - 10 + 40 = 0. Suppose -22 + k = 2*m. Let b be 1/4 - 558/m. What is the highest common factor of b and 14?
14
Let z = -92 + 288. Calculate the highest common divisor of 28 and z.
28
Let q(n) = n**3 + 13*n**2 - 14*n + 2. Let s be q(-14). Suppose 4 = s*p - 0. Calculate the highest common divisor of 4 and p.
2
Let c be -2*65/2*(0 - 1). Calculate the greatest common factor of 26 and c.
13
Let z(b) = b**2 - 4. Let o be z(-5). What is the greatest common divisor of 168 and o?
21
Let g(d) = -21*d + 3. Let q be g(-1). Calculate the greatest common factor of q and 168.
24
Suppose i + z - 2*z - 20 = 0, -i = -3*z - 26. What is the greatest common divisor of i and 17?
17
Suppose -2 = 3*j - 4*y, 3*y + 2*y - 55 = -5*j. Suppose i - 127 + j = 0. What is the greatest common factor of 11 and i?
11
Suppose -6*r + 245 = r. Calculate the greatest common divisor of r and 140.
35
Suppose -110 = -5*j + 160. Let z = -3 + 7. Suppose -4*q - 22 = -l, z*l + 7 = q + 35. What is the greatest common factor of j and l?
6
Let w be (20/(-6))/((-4)/18). Suppose -g - n = -w, n + 4 = 2*g - 17. What is the greatest common factor of g and 4?
4
Suppose 0 = 19*h - 3945 + 221. Calculate the greatest common divisor of h and 28.
28
Suppose -2*j + 2 + 4 = 0. Let a = j + 7. Calculate the highest common divisor of 110 and a.
10
Let n = 1 - -5. Calculate the greatest common divisor of n and 18.
6
Suppose 0 = -17*n - 6 + 278. What is the highest common divisor of 40 and n?
8
Let j = 687 + -313. Calculate the highest common divisor of j and 34.
34
Suppose 3*v - 5*q = -20 + 81, -25 = 5*q. What is the greatest common factor of v and 20?
4
Let d(p) = -5*p - 30. Let g be d(-14). What is the greatest common divisor of 10 and g?
10
Suppose -2*t + 2*j - 200 = 108, -2*t + 5*j = 305. Suppose -i - 64 = -3*o - 0*o, 196 = -3*i + 5*o. Let l = i - t. Calculate the highest common factor of l and 8.
8
Let n = -17 + 9. Let l = -6 + 27. Let c be l/4 - (-2)/n. What is the highest common factor of 15 and c?
5
Let x = -14 + 26. Let o(y) = -y + 145. Let l be o(0). Suppose l = 4*s - 191. Calculate the highest common divisor of x and s.
12
Let g be 28/(-3)*(-6)/(-4). Let a be (-4)/(-1 - g/18). What is the highest common factor of 162 and a?
18
Let h(r) = -2*r**2 + 14*r + 26. Let v be h(8). What is the greatest common divisor of v and 130?
10
Let w be (-8)/28 - 1014/(-21). Calculate the greatest common divisor of 48 and w.
48
Let h = 20 + -2. What is the greatest common factor of 27 and h?
9
Suppose 0 = -c - 3*v + 45, -7*v + 3*v + 4 = 0. What 